List the prime factors of n.
2, 3, 5
Suppose -5859 = -18*p + 15*p + 2*k, -2*p - 3*k = -3919. What are the prime factors of p?
5, 17, 23
Let u be (-2)/2 - 112/14. Let o = u + 11. Suppose 0 = k + 5*v + 3, -o*v + 11 = 3*k - 7*v. List the prime factors of k.
2
Let r = 6 - -44. Let a = r + 102. Suppose 0 = u - 5*u + a. List the prime factors of u.
2, 19
Let l(h) = 31 + 13*h**2 - h**3 - 53*h + 14*h + 16*h + 12*h. List the prime factors of l(10).
13, 17
Suppose 5*s = 3218 - 18. Suppose -s = -a - 7*a. What are the prime factors of a?
2, 5
Let v = -160 + 49. Let o be v*(-3)/9*1. Suppose 38 = f - o. What are the prime factors of f?
3, 5
Let x(n) = n + 9. Let g be x(-7). Suppose -5*l + 14 = -4*y, -5*l + 16 - 4 = -2*y. Suppose g*a - l*v = -7*v + 34, 40 = 2*a + 2*v. List the prime factors of a.
2, 11
Let y(i) = -i**2 - i - 10. Let f be y(0). Suppose 2*x + 3*j - 2 = 0, x + 0*x = -4*j - 4. What are the prime factors of f/x*(-19 + 9)?
5
What are the prime factors of (328/12)/((-10)/(-180))?
2, 3, 41
Suppose -4*l = 4*o - 9*l, o - 4*l = 0. Suppose 0*y = -4*j + y + 39, o = 2*j + 5*y - 47. What are the prime factors of j?
11
Suppose -84 = 3*g - 9*g. Suppose -39 = -5*o - g. Suppose 2 = o*f - 23. List the prime factors of f.
5
Let v = -7 - -11. Suppose 131 = v*l + 35. Let p = 46 - l. List the prime factors of p.
2, 11
Let d be 14*((-5)/(-2) + -2). Suppose -n - z + 106 = 0, d*n - 4*n - 318 = -4*z. What are the prime factors of n?
2, 53
Let g(r) = r**3 - 13*r**2 + 23*r - 8. Let a be g(11). Suppose -s + 48 + 36 = -4*t, -a*s + t + 230 = 0. What are the prime factors of s?
2, 19
Suppose 0 = y + 5*y + 24. Let q = y + 19. What are the prime factors of (-8)/(-60) - (-883)/q?
59
Let k(w) = w**3 - 2*w**2 - 2*w - 4. Let z = 4 - -1. Let h be k(z). Suppose -2*f = -6, -2*d + h = -f - 4*f. List the prime factors of d.
2, 19
Let h = 111 - -145. List the prime factors of h.
2
Let s(k) = 5*k - 24 + 5 + k. What are the prime factors of s(7)?
23
List the prime factors of (4 - 0)/(5456/(-1366) + 4).
683
Let i = 3196 - 1914. List the prime factors of i.
2, 641
Suppose 0 = -8*f + 533 + 3. Suppose 5*c + 60 + 45 = 5*n, -3*n = -c - f. What are the prime factors of n?
23
Suppose 5497 + 697 = 2*q. List the prime factors of q.
19, 163
Let z(s) = 3327*s**3 - 3*s**2 + 18*s - 15. What are the prime factors of z(1)?
3, 1109
Let s = 164 - 139. Suppose 0*i + 2*i + 24 = 0. Let g = s + i. What are the prime factors of g?
13
Let q be (-3)/(-24) - (-223)/8. Suppose u = -4*x + 8, x = u - q - 5. List the prime factors of u.
2, 7
Let k(h) = -h**3 - 3*h**2 - 5*h - 2. Let q be k(-3). Suppose 5*o = 4*l + q, 4*l - 23 = -2*o - 1. List the prime factors of l.
3
Let r = -52 + 54. Suppose -6 = -w - r*n, w - 3 - 3 = -3*n. List the prime factors of w.
2, 3
Suppose 5*n - 13 = 2. Let a be n/4 + 86/(-8). What are the prime factors of (-2 + 2)/(-3) - a?
2, 5
Let c be 4 - (692/28 + 8/28). What are the prime factors of 2/c*-3 + (-2871)/(-21)?
137
Let j = -188 - -60. Let x = j - -182. What are the prime factors of x?
2, 3
Let z = 1491 + -474. What are the prime factors of z?
3, 113
Let w be 56 + 6/(-2) + 3. Suppose -4*c - 4*l = -w, 3*l = -l. List the prime factors of 4 + c + 1 + -4.
3, 5
Suppose 2*n - 5*z + 5 = 0, -8*n + 17 = -7*n + 4*z. Suppose n*c - 169 = 281. What are the prime factors of c?
2, 3, 5
Let u be ((-2)/2)/(6/(-1626)). Suppose -a - 3*t = -5, 3*t + 10 = -4*a + 6*a. Suppose u = a*n + 46. List the prime factors of n.
3, 5
Let q(d) be the second derivative of 4*d**3/3 - 3*d**2 - 3*d. Let v be q(3). Let y = v - 5. List the prime factors of y.
13
Let t(i) = i**3 + 10*i**2 - 11*i - 13. Let a be t(-11). Let c = a + 20. What are the prime factors of c?
7
Suppose 5*g = -2*g + 1351. Let d = 288 - g. List the prime factors of d.
5, 19
Suppose 5*m = -18 + 63. Let n = 11 - m. Suppose -n*t + 46 + 28 = 0. What are the prime factors of t?
37
Let i(b) = 141*b**2 - 2*b + 9. List the prime factors of i(3).
2, 3, 53
Let r = -26 - -53. Suppose 5*x - 83 = r. List the prime factors of x.
2, 11
List the prime factors of ((-1497)/(-4))/((-1526)/112 + 14).
2, 499
Suppose -3*p + 7*p + 23 = m, -p = -m + 5. Let b be (p/(-9))/(1/(-6)). Let u(a) = 2*a**2 - 8*a - 10. What are the prime factors of u(b)?
2, 3
Let o be (35/2)/5*-2. Suppose 0 = 4*m - 53 - 83. Let i = m + o. List the prime factors of i.
3
Suppose -105*o + 775 = -104*o + 3*n, -4*o + 4*n + 3180 = 0. What are the prime factors of o?
2, 5, 79
Let d be 2 - 0/3 - -35. List the prime factors of d*2/10*5.
37
Let p = -6 - -10. Suppose -95 = -9*v + p*v. List the prime factors of v.
19
Let a(j) = -50*j - 88. List the prime factors of a(-25).
2, 7, 83
Let q = -280 - -920. List the prime factors of q.
2, 5
Suppose -4*s + 9*s - 2390 = 0. List the prime factors of s.
2, 239
Let p(l) = -9*l + 2. Let r be p(-2). Suppose 7*k - 3*q = 4*k - 75, -r = -4*q. What are the prime factors of 0 - k - 2/(-2)?
3, 7
Let h(o) = o**2 - 6*o - 6. Let m be h(5). Let c be (-16 - -12) + -1 + 20. Let l = m + c. List the prime factors of l.
2
Suppose 8*u - 9*u + 21 = 0. Suppose 7*y - u*y + 3234 = 0. What are the prime factors of y?
3, 7, 11
Let x(s) = -4 - s + 123*s**2 + 2 - 35*s**2 + 112*s**2. List the prime factors of x(-1).
199
Suppose 37*y - 12*y - 30475 = 0. What are the prime factors of y?
23, 53
Suppose 16 = -4*x, -k + 974 = x - 647. What are the prime factors of k?
5, 13
Suppose 5*k = 4*p - 33, -4*p - 21 + 4 = 5*k. Let w be p/4*(-10 + 16). Suppose -75 = -2*z - w*z. List the prime factors of z.
3, 5
Suppose 823 = 3*l - 470. Suppose 0 = c, -3*m - 4*c + l = -229. What are the prime factors of m?
2, 5, 11
Let n(j) = j**2 + 7*j + 7. Let g be n(-5). Let q(b) be the first derivative of -23*b**2/2 - 11*b - 54. List the prime factors of q(g).
2, 29
Suppose -5*j + 1100 = -5*z, 2*j + 3*z - 470 = -z. List the prime factors of j.
3, 5
Let u = -77 + 209. Suppose 42 = -5*o + u. Suppose 0 = 5*j + 2*s - o, 2*s = 3*j + j. List the prime factors of j.
2
Let h = -1901 - -3818. List the prime factors of h.
3, 71
Suppose 3*n = 5*l + 9727, -13600 - 2595 = -5*n + 5*l. What are the prime factors of n?
2, 3, 7, 11
Suppose 3049 = 5*i + 1114. List the prime factors of i.
3, 43
Let t = -502 - -1004. List the prime factors of t.
2, 251
Suppose 19*m = 15*m + 76. List the prime factors of m.
19
Suppose -2*o - 31 = -5. Let m be (-1363)/o + (-6)/(-39). Suppose w - 4*w = 3*u - m, 0 = 2*u + w - 73. What are the prime factors of u?
2, 19
What are the prime factors of (-20625)/(-60) + (0 - 3/4)?
7
Let o(a) be the first derivative of a**4/2 - 7*a**3/3 - 3*a**2/2 + 3*a + 11. What are the prime factors of o(5)?
3, 7
Let p = 1467 + -689. List the prime factors of p.
2, 389
Suppose 3*w - 4*z - 344 = 0, 5*w + z - 511 - 47 = 0. Let f = -8 + 12. Suppose 0*t - f*t = -w. What are the prime factors of t?
2, 7
Suppose -3*g + 13 = -2*v, -3*v - 9 = g - 2*g. Suppose 2*i - 49 = -4*f + 135, g*f - i - 138 = 0. List the prime factors of f.
2, 23
Let y = -113 - -77. Let h = -101 - y. Let c = 91 + h. What are the prime factors of c?
2, 13
Let l(k) = k**3 - 2*k**2 + 4*k - 2. Let h be l(2). Let n be 2/6*(h - 3). List the prime factors of (8 + -2 + n)*1.
7
What are the prime factors of (-3110)/((-16)/8) - -11?
2, 3, 29
Suppose 585 + 1119 = 2*d - 2*n, 2*d - 5*n - 1713 = 0. What are the prime factors of d?
3, 283
Suppose 0 = -29*o + 13718 - 3046. What are the prime factors of o?
2, 23
Suppose 0 = 5*i - 5*n + 250, -2*i - 103 = -3*n - 0*n. Let s(p) = 66*p**3 + 2*p**2 - p. Let j be s(1). Let a = i + j. List the prime factors of a.
2, 5
Suppose i + 0*i + 41 = 0. Let r = i - -202. List the prime factors of r.
7, 23
Let n be (-2)/16 + 132/32. Let o be 3*5*n/12. Suppose -2*i - 4*l - 28 = -3*i, 154 = 4*i + o*l. List the prime factors of i.
2, 3
Suppose 0 = 3*z - 4*c - 3151, -4*z + 2*c + 478 = -3740. What are the prime factors of z?
7, 151
Let r(g) = 16*g - 44. Let l(v) = 5*v - 15. Let j(t) = -8*l(t) + 3*r(t). What are the prime factors of j(7)?
2, 11
Suppose -1 - 7 = -4*p. Suppose 0 = -p*l - 0*l + 30. Suppose 2*n + l = 3*y - 41, -n = -3*y + 58. What are the prime factors of y?
2, 5
Let c(v) = -5*v**3 + 20*v**2 - 13*v - 43. Let f(n) = 3*n**3 - 13*n**2 + 9*n + 29. Let h(b) = 5*c(b) + 8*f(b). List the prime factors of h(-5).
7
Let g(m) = 64*m + 15. Let d be g(-6). Let k = d - -67